 = a**2 + 7*a + 8. Let b be q(-6). Let l(c) = c + 3*c**2 - 3*c + b + 6*c. Calculate the remainder when 16 is divided by l(-2).
4
Let o(x) = x**2 - 23*x - 16. Calculate the remainder when 37 is divided by o(24).
5
What is the remainder when (1 - (-2)/(-6))/(4/678) is divided by 23?
21
Let l = -16 + 22. Calculate the remainder when (42/(-3) - -2)/(12/(-16)) is divided by l.
4
Suppose 9*f + 17 = 62. Calculate the remainder when 8 is divided by f.
3
Suppose -2*r + 5*j = -56, -r + 3*j + 8 = -20. Calculate the remainder when 111 is divided by r.
27
Suppose 3*b - 16 = -b. What is the remainder when 9 is divided by b?
1
Let o(s) = s**3 - 6*s**2 + 3*s + 5. Let t = -2 - -8. Let w be o(t). Suppose -j - 4*v = -4*j + w, v + 7 = j. What is the remainder when 9 is divided by j?
4
Suppose 3*v - v - 14 = 0. Calculate the remainder when 26 is divided by v.
5
What is the remainder when 91 is divided by (-60 - 2)*4/(-8)?
29
Let t(b) = -b**2 + b + 5. Let c be t(0). Suppose -3*q + 32 = 2*m, -q + 3*q + c*m - 36 = 0. Suppose -8 - q = -f. Calculate the remainder when f is divided by 6.
4
Let w(q) = -2*q**3 - 13*q**2 - 7*q - 2. Let x(i) = -i**3 - i**2 + 2*i + 2. Calculate the remainder when w(-6) is divided by x(-2).
0
Let f = 28 + -25. Suppose f*h + 4 - 13 = 0. Calculate the remainder when 7 is divided by h.
1
Let o = -136 - -196. Calculate the remainder when 177 is divided by o.
57
Suppose 3*z + 32 = 5. Let r = -3 - z. Calculate the remainder when 30 is divided by (0 + (-32)/r)*-3.
14
Let o = -5 + 4. What is the remainder when 67 is divided by o*17*(-4 - -3)?
16
Let t be (3/2)/((-3)/(-10)). Suppose 3*o = -u + 7, -t*u + 48 = -4*o + 6*o. Let r = 63 + -35. Calculate the remainder when r is divided by u.
8
What is the remainder when 4/10 + 1248/30 is divided by 15?
12
Let b(r) = r - 4. Let a be b(9). Suppose 5*k - l = 126, -2*k - 3*l + 52 = -a*l. What is the remainder when k is divided by 9?
7
Calculate the remainder when 68/(-4)*(2 + -5) is divided by 13.
12
Let o(u) be the second derivative of u**3/2 + u**2/2 - 3*u. Let z be o(-2). Let g(i) = i**2 + 4*i + 4. Calculate the remainder when 24 is divided by g(z).
6
Let f = -74 - -113. Let z = 6 + 15. Calculate the remainder when f is divided by z.
18
Suppose 5*w = 5*s, -2*s = -4*w + 3 - 1. Let m(n) = 34*n**3 - 2*n**2 + 1. What is the remainder when m(s) is divided by 1/((-10)/15)*-6?
6
Calculate the remainder when 21 is divided by (2 - 1)/((44/48)/11).
9
Let i be 22/(-110) + (-452)/(-10). Suppose 5*m = -32 - 8. Let w = i + m. Calculate the remainder when w is divided by 13.
11
Suppose -5*m + 14 = -1. Calculate the remainder when 25 + 3/(-3)*m is divided by 6.
4
Let s(y) = 2*y**2 - 4*y - 5. Let o(p) = p**2 + 4*p - 7. Let x be o(-6). Let q be s(x). Suppose -2*m = 3*m - q. Calculate the remainder when m is divided by 3.
2
Let z(n) = n**2 + 3*n + 4. Let q be z(-3). Suppose -4*y + 4 = 4*o - q, 5*o - y - 40 = 0. What is the remainder when 27 is divided by o?
6
Let q(t) = -19*t - 4. Calculate the remainder when 85 is divided by q(-1).
10
Suppose 65 = 2*t - 35. What is the remainder when t is divided by 26?
24
Let v = -7 - -9. Let c = 2 - 0. Calculate the remainder when v is divided by c.
0
Let w be (-730)/12 - (-9)/(-54). Let m = w - -16. Let u = -14 - m. What is the remainder when u is divided by 17?
14
What is the remainder when 86 is divided by 820/28 - 4/14?
28
Suppose 0 = d - 15 + 7. Suppose -5*n = -y - 21, y = 3*n - 5 - d. Calculate the remainder when 12 is divided by n.
0
Let f = 78 - 41. Suppose -w - 35 = -3*r, -2*r + 3*w + 9 = -26. Calculate the remainder when f is divided by r.
7
Let l = 2 - 8. What is the remainder when 25 is divided by ((-39)/l)/(1/2)?
12
Suppose 0*g - 4*g + 364 = 0. Calculate the remainder when g is divided by 23.
22
What is the remainder when 55 is divided by 3/((-18)/(-76)) + (-2)/3?
7
Let g = -14 - -10. Let h = 7 + g. Suppose -16 = -4*y + 4*r, -3*r - 2*r + 44 = 3*y. Calculate the remainder when y is divided by h.
2
Let m = -1 + 16. Suppose -259 = -4*n - 31. What is the remainder when n is divided by m?
12
Let s be (6/(-2))/(12/(-88)). What is the remainder when 41 is divided by ((-1)/(-2))/(1/s)?
8
Suppose z - 45 = -5*m, z + 4*m - 49 + 9 = 0. Let b = 61 - z. What is the remainder when b is divided by 14?
13
Suppose -4*j + 2*d = 3*d - 81, -110 = -5*j - 3*d. Calculate the remainder when 20 is divided by j.
1
Let g be ((-80)/24)/((-1)/(-3)). Let a = g - -17. Calculate the remainder when a is divided by 4.
3
Let x(h) = h**2 - 4*h - 3. Let z be x(5). Suppose 2*o = o + 4*p + 10, z = -2*p. Calculate the remainder when -1*9/6*-14 is divided by o.
3
Suppose 0 = -5*l + 88 - 23. Suppose 0 = 3*r - 2*a - 2, -r = 5*a + 20 + 2. Calculate the remainder when -2 + 27/(-1 - r) is divided by l.
12
Let v(i) = i**2 + 10*i + 18. Calculate the remainder when 5 is divided by v(-8).
1
Let q(f) = f**2 + 13*f - 15. What is the remainder when q(-15) is divided by 5?
0
Suppose 0 = q + 4*y - 6, -5*q + 2*q + 3*y + 3 = 0. Calculate the remainder when q - 2 - (4 + -17) is divided by 7.
6
Let a(h) = -h**3 + 5*h**2 + 3*h + 1. Let t be a(4). Suppose -23 - t = -4*p. Calculate the remainder when 38 is divided by p.
12
Let x(v) be the second derivative of v**3/2 - 3*v**2/2 + 2*v. Let o = -5 - -9. Calculate the remainder when o is divided by x(2).
1
Let n be 4/16 - (-17)/(-4). Let c = 10 + n. Suppose -w = -19 - c. What is the remainder when w is divided by 9?
7
Suppose 0 = -v - 4, 4*l - 9*l - 5*v + 30 = 0. Let s = -7 - -5. What is the remainder when 11 is divided by (18/(-15))/(s/l)?
5
Suppose -4*n - 18 = 2. Let m be n - -3 - 8/(-1). What is the remainder when 1 is divided by 2 + (-3)/m*2?
0
Let z = -8 + 13. Suppose 3*s - 163 = -2*s + v, 0 = z*s - 3*v - 169. What is the remainder when s is divided by 17?
15
Suppose 35 = 3*y + 3*c - 2*c, 5*y - 40 = 2*c. Let f be -8*y*9/(-24). Let s = f - 20. What is the remainder when 38 is divided by s?
8
Suppose -5 = -5*v - 0. Let s be ((-18)/(-45))/(v/10). Suppose 0*z - 4*z = s*t - 8, 4*z = -12. Calculate the remainder when 14 is divided by t.
4
Let n = 1 - 18. Let a = n + 23. What is the remainder when 17 is divided by a?
5
Suppose 5*h - 13 = 67. Calculate the remainder when 78 is divided by h.
14
Let c(h) = -41*h + 1. What is the remainder when c(-2) is divided by 21?
20
Let j(m) = -3*m**3 - 3*m**2 - 4*m - 3. Let f = 92 - 59. Calculate the remainder when f is divided by j(-2).
16
Suppose 10*j - 1724 - 646 = 0. Calculate the remainder when j is divided by 48.
45
Suppose 2*z + 40 = 7*z. Calculate the remainder when 23 is divided by z.
7
What is the remainder when ((-2)/(-5))/((-5)/(-475)) + -3 is divided by 6?
5
Let k = 3 - 1. Suppose 7*b - 21 = 4*b + k*v, -2*v + 24 = 2*b. Let i = b - -16. What is the remainder when i is divided by 13?
12
Let q(d) = d + 13. Let p(l) = -l - 14. Let n(h) = 3*p(h) + 4*q(h). Calculate the remainder when 8 is divided by n(-7).
2
Calculate the remainder when 30 - ((3 - 5) + 5) is divided by 7.
6
Suppose -4*l = -3*l - 10. Calculate the remainder when 37 is divided by l.
7
Let w = -12 - -22. Let k be 120 + 2*-1 - -2. Suppose 0 = 3*l + l + 4*s - k, -s = 4*l - 114. What is the remainder when l is divided by w?
8
Let t(r) = r**3 - 5*r**2 + 4. Let j be t(5). Suppose d - 3*d + j*m = -18, 4*d = -5*m - 3. Suppose h - 14 = d. Calculate the remainder when h is divided by 5.
2
Let l be -1 + -1 - 1*-8. Let w = l - 4. Calculate the remainder when 13 is divided by (15/12)/(w/8).
3
Let w(g) = g**3 - 6*g**2 - 6*g + 1. What is the remainder when 23 is divided by w(7)?
7
Let i(p) = 8*p - 1. Let q be ((-2)/(-6))/((-2)/(-18)). Suppose q*m - 4*m = -1. What is the remainder when i(m) is divided by 3?
1
Suppose -4*y = 5*g + 222, g - y + 34 + 14 = 0. Let u = g + 98. Calculate the remainder when u is divided by 18.
16
Suppose 10 = -5*g, 0 = -5*f + 4*g + 27 + 11. Let m = f - -2. What is the remainder when 15 is divided by m?
7
Let g(p) = 3*p + p - 1 + 2. Let t be g(1). Suppose t*k + 5 = 50. What is the remainder when 25 is divided by k?
7
Suppose -27 - 39 = -3*d - 3*p, 5*p = 4*d - 43. What is the remainder when d is divided by 4?
1
Suppose 2 = -w, -3*w = 5*k + 2 - 31. Calculate the remainder when 38 is divided by k.
3
Suppose 5*c = m - 12 - 2, -m - 13 = 4*c. Let s(n) = 50*n**2 + n + 1. Calculate 